ate u(v).
6
Suppose 0 = -4*r - 5*d + 27, d - 7 + 4 = 0. Let p(m) = -r + 4*m - m - 4*m**2 - m + 1 + m**3. Give p(4).
6
Let x(o) be the second derivative of o**5/20 - 5*o**4/12 + o**3/3 - 15*o. Determine x(5).
10
Let d(i) = 8*i**2 + 11*i**2 + 1 - 23*i**2 - 4*i - i**3 - 2. What is d(-3)?
2
Let v(w) be the third derivative of w**5/60 - w**4/6 - 7*w**3/6 + 39*w**2. Let t(s) = -s**2 - s + 5. Let o be t(0). Give v(o).
-2
Let q(t) = -4*t**3 - 2*t**2 + 1. Let y = -26 - -27. What is q(y)?
-5
Let s(v) = 15*v**2 - v - 1. Suppose -r + 6 = -0*r. Suppose -2 + r = -4*i. Give s(i).
15
Let r be -2 + (-21)/(-3 - 0). Let d(x) = -x**3 + 4*x**2 + 6*x. Give d(r).
5
Let s(q) be the first derivative of q**4/4 - 4*q**3/3 - 3*q**2/2 - 4*q + 1. Suppose 16 = 3*k + 1. Give s(k).
6
Let f(a) = a**2 + 1. Suppose 0*o - 2*o = -2. Let j(c) = 7*c**2 + 5*c. Let u(l) = o*j(l) - 6*f(l). Give u(-5).
-6
Let t(u) be the third derivative of u**4/24 + 5*u**2. Determine t(-5).
-5
Let s(u) = u + 7. Let d = 125 - 128. Give s(d).
4
Let f(i) = 4*i**3 + 4*i**2 + i - 1. Let r(j) = -j**3 - j - 1. Let b(m) = f(m) + 3*r(m). Give b(-4).
4
Let j = 9 - 8. Suppose j + 5 = -v. Let o(f) = f**2 + 7*f + 7. Determine o(v).
1
Suppose -3*s - 6 = z, -3*z - 5 = -s + 3. Let j(p) = 6*p. Give j(s).
-6
Suppose 0 = -4*q + 2*m + 16, -5*q + 6*m = 2*m - 26. Suppose 0 = -q*k + 12. Let w(g) = g**3 - 5*g**2 - 6*g + 8. Determine w(k).
8
Let p(n) = n**3 - 18*n**2 + 17*n + 4. Let h be p(17). Let c(i) = 5*i**2 - 8 + 0 - h*i**2 - 2*i**2. Determine c(0).
-8
Suppose -3*p + 9 = -8*p + 2*y, -5*y - 18 = p. Let o(k) be the second derivative of -k**5/20 - k**4/4 + k**3/3 - 2*k. Calculate o(p).
-6
Let m be 96/15 + 6/(-15). Let u(f) = -f**2 + 7*f - 5. Determine u(m).
1
Let c(h) be the third derivative of -1/12*h**4 + 0*h + 0 - 1/20*h**5 - 2/3*h**3 + 1/120*h**6 + 4*h**2. Determine c(4).
4
Let g(f) be the second derivative of 1/20*f**5 - 1/2*f**2 - 2/3*f**3 - f - 1/3*f**4 + 0. What is g(5)?
4
Let c(t) = -t - 4. Let m be (3/2)/((-12)/(-16)). Suppose 6*z = 4*z + m. Suppose 0 = -b + z + 3. Determine c(b).
-8
Let z(f) be the third derivative of f**7/2520 - f**6/720 + f**5/60 - f**4/8 - 3*f**2. Let c(w) be the second derivative of z(w). What is c(0)?
2
Let k(n) = n - 9*n**2 + 0*n**2 + 10*n**2 - 6. What is k(-5)?
14
Let n(s) = s**3 + 23*s**2 + 20*s - 50. Let c be n(-22). Let o(a) = a + 11. Calculate o(c).
5
Let c(x) be the third derivative of x**5/60 - x**4/12 - 5*x**3/6 - 16*x**2. Determine c(4).
3
Let n(u) = u**3 - u**2 + 1. Suppose s - 2*v + 5 = 0, 0 = -5*s - 0*s + v - 7. Let g be (-2 - s)*0/1. Give n(g).
1
Let s be (1/((-25)/20))/(2/5). Let z(x) = 2*x**3 - 2*x + 1. Determine z(s).
-11
Let r(o) be the second derivative of -o**6/120 - o**5/12 + o**4/24 - o**3 - 7*o**2/2 + 4*o. Let n(x) be the first derivative of r(x). Give n(-5).
-11
Let l(u) = -2*u - 9. Let n be 3 - 145/15 - 1/3. Give l(n).
5
Let o(h) be the second derivative of -7*h**5/10 - h**2/2 - 21*h. Give o(-1).
13
Let q(o) = -o**2 + o + 2. Suppose -2*a - 6 = -5*a. Let d(t) = -5*t**2 + 6*t + 10. Let f(p) = a*d(p) - 11*q(p). What is f(-2)?
0
Let i be (24/20)/(3/10). Suppose j = i*j - 3. Let v(m) be the second derivative of m**5/10 + m. Give v(j).
2
Let r(n) = 19 - 3*n - 2*n**2 - 3*n + n**3 - 17 + 5*n. What is r(2)?
0
Let l(m) be the third derivative of m**5/60 - m**3/6 - 9*m**2. What is l(0)?
-1
Let d(u) = u**2 + u. Let c(q) = -q**2 - 2*q + 4. Let r(p) = c(p) - d(p). Give r(-4).
-16
Let y(l) = -l**2 - 3*l - 1. Suppose -3 = 2*g + 1. Determine y(g).
1
Let q(r) = -r**3 + 5*r**2 - 3*r + 6. Suppose -18 + 54 = 5*j - 4*h, -h - 12 = -2*j. Calculate q(j).
10
Let v = 1 + 2. Let z(l) = l**3 - 5*l - 2 + 6*l + 0*l - 2*l**2. Calculate z(v).
10
Let r(y) = y**3 - 4*y**2 + 5. Let g(q) = q**3 - 8*q**2 - 9*q + 3. Let v be g(9). Suppose -v*f = 3*j + 18, -4*j - 4*f - 28 = f. Let a = j + 6. Determine r(a).
5
Let y(t) be the third derivative of 0*t + 1/60*t**5 + 1/12*t**4 - 2*t**2 + 0 + 1/2*t**3. Determine y(-4).
11
Let c = 9 - -1. Let j(g) = 6*g - 3 - 2 + 2*g**2 - 3*g**2 + c. What is j(7)?
-2
Let m(o) = -4*o**2 + 3*o - 1. Let r(g) = -9*g**2 + 7*g - 3. Let j(y) = 7*m(y) - 3*r(y). Give j(0).
2
Let c(g) = g - 3. Let w be c(5). Let v(f) = w*f**2 + 3*f**2 + 1 - 4*f**2. What is v(2)?
5
Suppose -4*j = -j. Suppose j = -z - 3. Let r(i) = 5*i + 2. Let d(k) = -k + 1. Let y(t) = -d(t) - r(t). Calculate y(z).
9
Suppose -5*y = -9*y - 20. Let z(o) = o**3 + 4*o**2 - 7*o - 4. Calculate z(y).
6
Let r(z) = -z**3 - 4*z**2 + 6*z - 5. Suppose 0 = -5*w - 9 - 1. Let f(u) = u**2 + 6*u + 3. Let l be f(w). Give r(l).
-10
Suppose -2*c + 4*c = 2*z + 2, 4*c = -z + 19. Let x be 3 - (1 - 2 - -3). Let p = x - c. Let l(n) = n**2 - 4. Give l(p).
5
Suppose -17*u + 20*u - 15 = 0. Let p(m) = -m**2 + 7*m + 2. What is p(u)?
12
Suppose -3*x + 5*z = x - 51, z - 33 = -4*x. Let h(s) = s - 13. Determine h(x).
-4
Let h = -3 + 7. Suppose h = -2*u + 10. Let r(c) = -c**2 + 4*c + 1. Calculate r(u).
4
Let q(l) be the second derivative of l**6/180 - l**5/15 + l**4/8 + 5*l**3/3 + 6*l. Let i(x) be the second derivative of q(x). Give i(5).
13
Let z(a) be the first derivative of a**3/3 + 2*a**2 + 6*a + 1. Let m be (1 - 15)/2*1. Let q = 3 + m. Give z(q).
6
Let t(v) = 1 - 2*v**2 - 6*v + 4*v**2 - 3*v**2 + 0*v**2. Let m be t(-5). Let q(x) = -x**3 + 7*x**2 - 6*x + 7. Give q(m).
7
Suppose n - 15 = -2*u, -2*u - 3*u + 15 = -5*n. Let x(h) be the third derivative of h**6/120 - 7*h**5/60 + h**4/6 + 5*h**3/6 + 79*h**2. Calculate x(u).
-7
Let q(k) be the third derivative of 1/60*k**5 - 1/6*k**3 - k**2 + 0*k - 1/15*k**6 + 0*k**4 + 0. Let s be (21/(9 + -2))/(-3). Give q(s).
8
Let f(a) be the first derivative of a**4/4 + a**3 - a**2 + 7. Give f(2).
16
Let z(u) = u**3 + 4*u**2 + 2*u - 2. Let j(f) be the second derivative of -f**3/6 - 4*f**2 - 3*f. Let l be j(-5). Calculate z(l).
1
Let p(s) be the second derivative of -2*s**3/3 + 2*s**2 + 10*s. Give p(6).
-20
Let q(c) = -c**3 + 3*c**2 + 3*c + 2. Suppose p = -3*p + 48. Let w = p - -8. Suppose -6*l = -l - w. What is q(l)?
-2
Let r = -2 + 5. Let y = r + 0. Let o(s) be the second derivative of s**5/20 - s**4/6 - s**3/2 + s**2/2 - 2*s. Determine o(y).
1
Let x(b) = -2*b**2 + 2. Let h be x(-2). Let c(t) = -t**2 - 6*t - 5. Let w be c(h). Let v(s) = -4 - 2*s + 0*s + s. Calculate v(w).
1
Suppose 5*v + 28 = 3. Let h(q) = q - 1. Calculate h(v).
-6
Let t(l) = l**2 - 8*l + 12. Let p = -102 + 110. Determine t(p).
12
Let g(p) = -p - 3 - 2 + p - p. Let m = 2 + -5. Determine g(m).
-2
Let b(d) = d**3 + 7*d**2 + 8*d + 2. Suppose y = 3*w - 12, 4*w = -y - w + 4. What is b(y)?
-10
Let i(z) = z**3 + 5*z**2 + 5*z - 1. Let j = -3 + -2. Let f = 1 + j. What is i(f)?
-5
Let z(p) = p**3 - 5*p**2 - p - 2. Suppose 3 + 3 = 2*u - 4*k, 3*u - 4*k = 7. Let r = u - -4. Give z(r).
-7
Suppose 6*l + 24 = 2*l. Let i(g) = -8*g + 4. Let f(j) = -7*j + 3. Let z(w) = l*i(w) + 7*f(w). Give z(-5).
2
Suppose 10*c = 14*c - 32. Let p(r) = r**2 - 9*r + 7. What is p(c)?
-1
Suppose -2*f + 6 = -4*f. Let t = 0 - f. Let l(s) = -2*s + 1. What is l(t)?
-5
Let i(s) = -s**3 + 14*s**2 - 13*s + 3. Let c be i(13). Let d(x) = x - x**3 + 0*x - 5*x**c. Let m = 0 - 1. Give d(m).
5
Let f(v) = -v**2 - 7*v - 10. Let k be f(-8). Let w = k + 14. Let j(y) = -y**3 - 5*y**2 - 5*y + 1. Determine j(w).
5
Suppose 0*j - 48 = -4*j. Let r = j - 15. Let k(z) be the first derivative of 3*z**2/2 + 3*z + 2. Determine k(r).
-6
Let q(f) be the second derivative of -f**5/20 - f**4/4 - f**3/6 + f**2 - 24*f. Calculate q(-3).
5
Let j(u) = -u**3 - 2*u**2 + 12*u + 5. Let c(w) = w. Suppose k + 3*p = 5 - 3, -2*k + p = 3. Let i(l) = k*j(l) + 5*c(l). Calculate i(-4).
-9
Let s be (4 - 6)*(-2)/(-1). Let j = 4 + s. Suppose -3*g - 3 = j, -2 = -u - u + 4*g. Let w(a) = -a**2 - 2*a. Give w(u).
1
Let i(n) = 4 + 3*n**2 + 2 + 3*n**2 - 5 - n**3 - 5*n. What is i(5)?
1
Let s(v) = v - 2*v**2 + 2*v**2 + v**2 - 2*v**2. Give s(2).
-2
Let c(s) = s**2 + 2*s + 2. Let z(i) = -4*i**2 - 5*i - 7. Let u(y) = -7*c(y) - 2*z(y). Calculate u(3).
-3
Let f = -4 - -6. Suppose o = -4*k, 2*k - k + f = 0. Suppose -2*p = 2*p - o. Let z(n) = -n**2 - n + 2. Calculate z(p).
-4
Let l be ((-3)/(-2))/(1/2). Let h(w) = -5*w + l*w + w + 2*w. Determine h(-4).
-4
Let g = -46 - -50. Let r(p) be the first derivative of -2*p + 2*p**2 + 1/4*p**g - p**3 - 3. Determine r(